06.
96
What is the remainder when 2041644 is divided by 31900?
44
What is the remainder when 94513062 is divided by 31504350?
12
Calculate the remainder when 10489 is divided by 9687.
802
Calculate the remainder when 22218736 is divided by 154296.
112
What is the remainder when 9076513 is divided by 20?
13
What is the remainder when 27548330 is divided by 109?
106
What is the remainder when 83652420 is divided by 69?
63
Calculate the remainder when 3148668 is divided by 1574333.
2
What is the remainder when 433866 is divided by 2550?
366
Calculate the remainder when 77539 is divided by 38226.
1087
What is the remainder when 413252 is divided by 15303?
71
What is the remainder when 1990180 is divided by 28?
24
What is the remainder when 240061 is divided by 660?
481
What is the remainder when 60144 is divided by 439?
1
Calculate the remainder when 28097922 is divided by 9365956.
54
Calculate the remainder when 1040352 is divided by 148601.
145
What is the remainder when 241339 is divided by 22?
21
What is the remainder when 1896685 is divided by 270951?
28
Calculate the remainder when 1164048 is divided by 1164041.
7
Calculate the remainder when 3883960 is divided by 2282.
2278
What is the remainder when 1113 is divided by 901?
212
What is the remainder when 603969 is divided by 619?
444
What is the remainder when 624858 is divided by 1671?
1575
Calculate the remainder when 6538444 is divided by 44479.
31
What is the remainder when 9037139 is divided by 301233?
149
Calculate the remainder when 17896020 is divided by 1193067.
15
Calculate the remainder when 846212 is divided by 407.
59
What is the remainder when 11712695 is divided by 390423?
5
Calculate the remainder when 24173098 is divided by 56086.
32
Calculate the remainder when 12675931 is divided by 624.
619
Calculate the remainder when 12397474 is divided by 1425.
1399
What is the remainder when 99223179 is divided by 70?
69
Calculate the remainder when 703517 is divided by 33463.
794
Calculate the remainder when 25902497 is divided by 1250.
1247
What is the remainder when 1132265 is divided by 2320?
105
What is the remainder when 124539 is divided by 2421?
1068
What is the remainder when 928522 is divided by 925906?
2616
What is the remainder when 17595 is divided by 2544?
2331
Calculate the remainder when 332940907 is divided by 2219606.
7
Calculate the remainder when 14178977 is divided by 30168.
17
What is the remainder when 176210937 is divided by 5551?
5544
What is the remainder when 459410 is divided by 1595?
50
Calculate the remainder when 4354633 is divided by 290306.
43
What is the remainder when 16131833 is divided by 80?
73
What is the remainder when 59548698 is divided by 139?
125
Calculate the remainder when 668357 is divided by 167086.
13
Calculate the remainder when 7723583 is divided by 576.
575
Calculate the remainder when 635699 is divided by 9213.
2
What is the remainder when 22048 is divided by 382?
274
What is the remainder when 43685988 is divided by 2513?
2509
Calculate the remainder when 7999928 is divided by 55.
13
Calculate the remainder when 20862854 is divided by 5204.
18
What is the remainder when 16713546 is divided by 8356741?
64
Calculate the remainder when 40187755 is divided by 13395916.
7
What is the remainder when 1699416 is divided by 1743?
1734
Calculate the remainder when 55470414 is divided by 43.
27
What is the remainder when 606127 is divided by 2947?
1992
What is the remainder when 494048814 is divided by 1703?
1702
Calculate the remainder when 4484951 is divided by 994.
23
Calculate the remainder when 96131750 is divided by 927.
923
Calculate the remainder when 84715 is divided by 36376.
11963
What is the remainder when 2987286 is divided by 2171?
2161
What is the remainder when 83444 is divided by 624?
452
Calculate the remainder when 107246497 is divided by 3820.
3817
What is the remainder when 5630543 is divided by 7?
2
Calculate the remainder when 18446897 is divided by 290.
287
Calculate the remainder when 492306 is divided by 1650.
606
What is the remainder when 539719 is divided by 6385?
3379
Calculate the remainder when 536408 is divided by 338.
2
Calculate the remainder when 177299 is divided by 25.
24
Calculate the remainder when 1260335 is divided by 682.
681
Calculate the remainder when 171506894 is divided by 44.
42
Calculate the remainder when 22205819 is divided by 1470.
1469
Calculate the remainder when 1013504 is divided by 7561.
330
Calculate the remainder when 193072 is divided by 371.
152
What is the remainder when 70666 is divided by 802?
90
Calculate the remainder when 3637916 is divided by 968.
172
What is the remainder when 6725697 is divided by 50?
47
What is the remainder when 11992789 is divided by 22?
17
Calculate the remainder when 4354253 is divided by 4354219.
34
What is the remainder when 656673 is divided by 164164?
17
Calculate the remainder when 30674131 is divided by 145375.
6
What is the remainder when 250701206 is divided by 389893?
7
Calculate the remainder when 41195 is divided by 443.
439
Calculate the remainder when 399952 is divided by 133178.
418
What is the remainder when 35460 is divided by 402?
84
Calculate the remainder when 1454031 is divided by 207717.
12
What is the remainder when 2894949 is divided by 152?
109
What is the remainder when 22007 is divided by 4014?
1937
What is the remainder when 1307180 is divided by 1105?
1070
What is the remainder when 255149 is divided by 298?
61
What is the remainder when 297426 is divided by 584?
170
Calculate the remainder when 1305353 is divided by 3435.
53
What is the remainder when 2625896 is divided by 38?
20
Calculate the remainder when 795646 is divided by 138.
76
Calculate the remainder when 406399 is divided by 406368.
31
What is the remainder when 108876142 is divided by 39?
37
Calculate the remainder when 439591 is divided by 36605.
331
Calculate the remainder when 10330401 is divided by 88294.
3
Calculate the remainder when 41199 is divided by 10101.
795
What is the remainder when 202020 is divided by 18358?
82
Calculate the remainder when 447723 is divided by 399.
45
What is the remainder when 21958 is divided by 396?
178
What is the remainder when 4379451 is divided by 125127?
6
What is the remainder when 10772605 is divided by 10772570?
35
Calculate the remainder when 50296051 is divided by 23.
19
Calculate the remainder when 4526211 is divided by 154.
151
What is the remainder when 287000 is divided by 164?
0
What is the remainder when 67454 is divided by 33336?
782
What is the remainder when 107182098 is divided by 8244775?
23
Calculate the remainder when 23808307 is divided by 361.
357
What is the remainder when 2054520 is divided by 14675?
20
What is the remainder when 698700038 is divided by 443?
438
What is the remainder when 70649 is divided by 23532?
53
What is the remainder when 333998 is divided by 111326?
20
Calculate the remainder when 148436022 is divided by 11.
9
What is the remainder when 315347 is divided by 14?
11
What is the remainder when 4065457 is divided by 10?
7
What is the remainder when 1032182 is divided by 655?
557
What is the remainder when 1552 is divided by 397?
361
Calculate the remainder when 1954540 is divided by 97727.
0
What is the remainder when 100015056 is divided by 7360?
16
What is the remainder when 6227225 is divided by 8554?
8467
What is the remainder when 35209947 is divided by 11736648?
3
What is the remainder when 3353489 is divided by 1686?
35
Calculate the remainder when 370042 is divided by 1533.
589
Calculate the remainder when 300110 is divided by 651.
650
Calculate the remainder when 264392 is divided by 66036.
248
What is the remainder when 52755 is divided by 451?
439
What is the remainder when 963218 is divided by 240749?
222
Calculate the remainder when 5649254 is divided by 285.
269
Calculate the remainder when 558911 is divided by 186176.
383
What is the remainder when 64023287 is divided by 12?
11
What is the remainder when 42170628 is divided by 25?
3
What is the remainder when 12338578 is divided by 85?
63
What is the remainder when 256138379 is divided by 256138375?
4
What is the remainder when 86616 is divided by 3542?
1608
What is the remainder when 1865486 is divided by 56